22844?
66
What is the remainder when 8730587 is divided by 111930?
47
Calculate the remainder when 25691483 is divided by 26.
25
Calculate the remainder when 3859 is divided by 548.
23
What is the remainder when 27721 is divided by 2300?
121
What is the remainder when 197009 is divided by 98481?
47
What is the remainder when 19224 is divided by 1893?
294
Calculate the remainder when 64537 is divided by 2932.
33
What is the remainder when 57856983 is divided by 2770?
2763
Calculate the remainder when 578905 is divided by 66.
19
Calculate the remainder when 1539660 is divided by 414.
408
Calculate the remainder when 12352414 is divided by 2676.
2674
Calculate the remainder when 14060215 is divided by 1176.
1135
Calculate the remainder when 56582046 is divided by 35.
31
Calculate the remainder when 1403469 is divided by 6589.
12
Calculate the remainder when 1533416 is divided by 3834.
3650
Calculate the remainder when 511018 is divided by 133.
32
What is the remainder when 748060 is divided by 27?
25
What is the remainder when 2265588271 is divided by 1633?
1630
What is the remainder when 97067 is divided by 1292?
167
Calculate the remainder when 2113302 is divided by 7441.
58
Calculate the remainder when 290666 is divided by 58096.
186
What is the remainder when 5645603 is divided by 15?
8
Calculate the remainder when 14713642 is divided by 25.
17
What is the remainder when 21922348 is divided by 909?
904
What is the remainder when 61585933 is divided by 340?
33
Calculate the remainder when 1527435 is divided by 944.
43
Calculate the remainder when 22197998 is divided by 59.
15
Calculate the remainder when 104375 is divided by 6486.
599
Calculate the remainder when 543155 is divided by 1382.
29
What is the remainder when 20094 is divided by 912?
30
What is the remainder when 14877 is divided by 4764?
585
Calculate the remainder when 281801 is divided by 1335.
116
Calculate the remainder when 26636221 is divided by 1254.
7
What is the remainder when 3043368 is divided by 608607?
333
What is the remainder when 29519068 is divided by 22346?
2
What is the remainder when 151377 is divided by 8425?
8152
Calculate the remainder when 3153139 is divided by 57.
13
What is the remainder when 29326838 is divided by 6374?
64
What is the remainder when 36195891 is divided by 4228?
4211
What is the remainder when 2116295 is divided by 234?
233
What is the remainder when 1078777 is divided by 49035?
7
Calculate the remainder when 48630373 is divided by 3740796.
25
What is the remainder when 20964800 is divided by 95?
10
What is the remainder when 1354737 is divided by 5940?
417
Calculate the remainder when 124335 is divided by 3352.
311
Calculate the remainder when 41046 is divided by 10031.
922
Calculate the remainder when 145965 is divided by 4853.
375
What is the remainder when 787267 is divided by 787250?
17
Calculate the remainder when 2444324 is divided by 159.
17
What is the remainder when 1465071 is divided by 2311?
2208
Calculate the remainder when 13309027 is divided by 74.
53
What is the remainder when 10145769 is divided by 1836?
33
What is the remainder when 820786222 is divided by 1866?
1864
Calculate the remainder when 565555 is divided by 13.
3
Calculate the remainder when 15759429 is divided by 35.
14
What is the remainder when 801532 is divided by 3763?
13
Calculate the remainder when 95043 is divided by 15322.
3111
What is the remainder when 4591771 is divided by 5278?
5189
Calculate the remainder when 5649211 is divided by 332306.
9
Calculate the remainder when 156343 is divided by 156332.
11
Calculate the remainder when 310461 is divided by 154.
151
Calculate the remainder when 279074 is divided by 3481.
594
Calculate the remainder when 951863 is divided by 635.
633
Calculate the remainder when 9072790 is divided by 201617.
25
Calculate the remainder when 6632186 is divided by 736902.
68
Calculate the remainder when 7400122 is divided by 7400078.
44
What is the remainder when 14788652 is divided by 17?
12
What is the remainder when 15362488 is divided by 3056?
3032
What is the remainder when 418794 is divided by 1029?
1020
Calculate the remainder when 14620893 is divided by 679.
665
Calculate the remainder when 2700427 is divided by 26216.
179
What is the remainder when 118446469 is divided by 1287?
1285
Calculate the remainder when 302981 is divided by 75726.
77
Calculate the remainder when 515700 is divided by 168016.
11652
What is the remainder when 24001038 is divided by 2873?
2869
What is the remainder when 1034044 is divided by 556?
440
Calculate the remainder when 10959757 is divided by 20.
17
What is the remainder when 1437930 is divided by 6448?
26
Calculate the remainder when 1446850 is divided by 722.
684
What is the remainder when 164470 is divided by 1827?
40
Calculate the remainder when 27988487 is divided by 17.
10
What is the remainder when 92414094 is divided by 2567058?
6
Calculate the remainder when 143062649 is divided by 25.
24
Calculate the remainder when 5579988 is divided by 1859956.
120
Calculate the remainder when 10818 is divided by 2184.
2082
Calculate the remainder when 1843023 is divided by 254.
253
Calculate the remainder when 137537730 is divided by 2143.
2133
Calculate the remainder when 7079129 is divided by 9278.
15
Calculate the remainder when 46228809 is divided by 31948.
53
What is the remainder when 4730005 is divided by 189200?
5
What is the remainder when 859546 is divided by 1817?
105
What is the remainder when 3016830 is divided by 1577?
29
Calculate the remainder when 1360623 is divided by 52329.
69
What is the remainder when 43387192 is divided by 131?
123
Calculate the remainder when 16191245 is divided by 952426.
3
Calculate the remainder when 9616 is divided by 760.
496
What is the remainder when 1671389 is divided by 557118?
35
Calculate the remainder when 1180710 is divided by 2626.
1636
What is the remainder when 9248643 is divided by 6203?
6173
Calculate the remainder when 496288 is divided by 27542.
532
Calculate the remainder when 305093 is divided by 38126.
85
What is the remainder when 11290219 is divided by 10972?
31
Calculate the remainder when 1097303 is divided by 365766.
5
What is the remainder when 3876 is divided by 500?
376
What is the remainder when 18035 is divided by 4485?
95
Calculate the remainder when 147352 is divided by 145400.
1952
What is the remainder when 2039431 is divided by 63732?
7
What is the remainder when 10263599 is divided by 15?
14
Calculate the remainder when 1192499 is divided by 318.
317
Calculate the remainder when 4837066 is divided by 56.
10
Calculate the remainder when 434754772 is divided by 37.
36
What is the remainder when 159694972 is divided by 275?
272
What is the remainder when 2750298 is divided by 7016?
26
Calculate the remainder when 389606 is divided by 27823.
84
Calculate the remainder when 76084 is divided by 685.
49
What is the remainder when 137095130 is divided by 68547562?
6
Calculate the remainder when 24509 is divided by 21.
2
What is the remainder when 929091171 is divided by 34?
31
What is the remainder when 29385777 is divided by 5226?
5205
What is the remainder when 66935714 is divided by 4209?
4196
What is the remainder when 123825 is divided by 72?
57
What is the remainder when 141535 is divided by 140673?
862
Calculate the remainder when 12870626 is divided by 45.
41
Calculate the remainder when 942786 is divided by 41.
32
What is the remainder when 592195 is divided by 98?
79
What is the remainder when 1129015 is divided by 56450?
15
What is the remainder when 75103 is divided by 37522?
59
Calculate the remainder when 2406920 is divided by 882.
824
Calculate the remainder when 818017 is divided by 62.
51
What is the remainder when 94528 is divided by 6626?
1764
Calculate the remainder when 4672052 is divided by 2166.
2156
Calculate the remainder when 44173 is divided by 1684.
389
Calculate the remainder when 43729444 is divided by 143.
44
Calculate the remainder when 11565404 is divided by 916.
904
Calculate the remainder when 245137578 is divided by 86.
82
What is the remainder when 1411038 is divided by 141096?
78
What is the remainder when 15214133 is divided by 142?
111
What is the remainder when 2005185 is divide